{"id":7913,"date":"2025-04-07T12:08:47","date_gmt":"2025-04-07T12:08:47","guid":{"rendered":"https:\/\/anvelonet.ro\/anvelope-auto\/?page_id=7913"},"modified":"2025-04-08T12:39:51","modified_gmt":"2025-04-08T12:39:51","slug":"kumho-2025","status":"publish","type":"page","link":"https:\/\/anvelonet.ro\/anvelope-auto\/kumho-2025\/","title":{"rendered":"kumho 2025"},"content":{"rendered":"\t\t<div data-elementor-type=\"wp-page\" data-elementor-id=\"7913\" class=\"elementor elementor-7913\">\n\t\t\t\t\t\t\t\t\t<section class=\"elementor-section elementor-top-section elementor-element elementor-element-a5d760c elementor-section-boxed elementor-section-height-default elementor-section-height-default\" data-id=\"a5d760c\" data-element_type=\"section\">\n\t\t\t\t\t\t<div class=\"elementor-container elementor-column-gap-default\">\n\t\t\t\t\t<div class=\"elementor-column elementor-col-100 elementor-top-column elementor-element elementor-element-7b0b1aa9\" data-id=\"7b0b1aa9\" data-element_type=\"column\">\n\t\t\t<div class=\"elementor-widget-wrap elementor-element-populated\">\n\t\t\t\t\t\t\t\t<div class=\"elementor-element elementor-element-3af86416 elementor-widget elementor-widget-html\" data-id=\"3af86416\" data-element_type=\"widget\" data-widget_type=\"html.default\">\n\t\t\t\t<div class=\"elementor-widget-container\">\n\t\t\t <!-- Google Tag Manager -->\r\n    <script>(function (w, d, s, l, i) {\r\n                w[l] = w[l] || [];\r\n                w[l].push({\r\n                    'gtm.start':\r\n                        new Date().getTime(), event: 'gtm.js'\r\n                });\r\n                var f = d.getElementsByTagName(s)[0],\r\n                    j = d.createElement(s), dl = l != 'dataLayer' ? '&l=' + l : '';\r\n                j.async = true;\r\n                j.src =\r\n                    'https:\/\/www.googletagmanager.com\/gtm.js?id=' + i + dl;\r\n                f.parentNode.insertBefore(j, f);\r\n            })(window, document, 'script', 'dataLayer', 'GTM-5BVBK9T');\r\n    <\/script>\r\n    <!-- End Google Tag Manager -->\r\n\t<!-- Google Tag Manager (noscript) -->\r\n\t<noscript>\r\n\t\t<iframe loading=\"lazy\" src=\"https:\/\/www.googletagmanager.com\/ns.html?id=GTM-5BVBK9T\" height=\"0\" width=\"0\" style=\"display:none;visibility:hidden\"><\/iframe>\r\n\t<\/noscript>\r\n\t<!-- End Google Tag Manager (noscript) -->\t\t<\/div>\n\t\t\t\t<\/div>\n\t\t\t\t\t<\/div>\n\t\t<\/div>\n\t\t\t\t\t\t\t<\/div>\n\t\t<\/section>\n\t\t\t\t<section class=\"elementor-section elementor-top-section elementor-element elementor-element-410f695c elementor-section-content-middle elementor-section-boxed elementor-section-height-default elementor-section-height-default\" data-id=\"410f695c\" data-element_type=\"section\" data-settings=\"{&quot;background_background&quot;:&quot;classic&quot;}\">\n\t\t\t\t\t\t<div class=\"elementor-container elementor-column-gap-no\">\n\t\t\t\t\t<div class=\"elementor-column elementor-col-100 elementor-top-column elementor-element elementor-element-3ecbcca3\" data-id=\"3ecbcca3\" data-element_type=\"column\">\n\t\t\t<div class=\"elementor-widget-wrap elementor-element-populated\">\n\t\t\t\t\t\t\t\t<div class=\"elementor-element elementor-element-23400282 elementor-widget elementor-widget-image\" data-id=\"23400282\" data-element_type=\"widget\" data-widget_type=\"image.default\">\n\t\t\t\t<div class=\"elementor-widget-container\">\n\t\t\t<style>\/*! elementor - v3.16.0 - 17-10-2023 *\/\n.elementor-widget-image{text-align:center}.elementor-widget-image a{display:inline-block}.elementor-widget-image a img[src$=\".svg\"]{width:48px}.elementor-widget-image img{vertical-align:middle;display:inline-block}<\/style>\t\t\t\t\t\t\t\t\t\t\t\t<img width=\"640\" height=\"241\" src=\"https:\/\/anvelonet.ro\/anvelope-auto\/wp-content\/uploads\/2025\/04\/KUMHO-TIRE_CI_B_auf-rot-1024x385.jpg\" class=\"attachment-large size-large wp-image-7919\" alt=\"\" loading=\"lazy\" srcset=\"https:\/\/anvelonet.ro\/anvelope-auto\/wp-content\/uploads\/2025\/04\/KUMHO-TIRE_CI_B_auf-rot-1024x385.jpg 1024w, https:\/\/anvelonet.ro\/anvelope-auto\/wp-content\/uploads\/2025\/04\/KUMHO-TIRE_CI_B_auf-rot-300x113.jpg 300w, https:\/\/anvelonet.ro\/anvelope-auto\/wp-content\/uploads\/2025\/04\/KUMHO-TIRE_CI_B_auf-rot-768x289.jpg 768w, https:\/\/anvelonet.ro\/anvelope-auto\/wp-content\/uploads\/2025\/04\/KUMHO-TIRE_CI_B_auf-rot.jpg 1418w\" sizes=\"(max-width: 640px) 100vw, 640px\" \/>\t\t\t\t\t\t\t\t\t\t\t\t\t\t\t<\/div>\n\t\t\t\t<\/div>\n\t\t\t\t\t<\/div>\n\t\t<\/div>\n\t\t\t\t\t\t\t<\/div>\n\t\t<\/section>\n\t\t\t\t<section class=\"elementor-section elementor-top-section elementor-element elementor-element-1d46236 elementor-section-content-middle elementor-section-boxed elementor-section-height-default elementor-section-height-default\" data-id=\"1d46236\" data-element_type=\"section\" data-settings=\"{&quot;background_background&quot;:&quot;classic&quot;}\">\n\t\t\t\t\t\t\t<div class=\"elementor-background-overlay\"><\/div>\n\t\t\t\t\t\t\t<div class=\"elementor-container elementor-column-gap-no\">\n\t\t\t\t\t<div class=\"elementor-column elementor-col-100 elementor-top-column elementor-element elementor-element-4f1f6e2d\" data-id=\"4f1f6e2d\" data-element_type=\"column\">\n\t\t\t<div class=\"elementor-widget-wrap elementor-element-populated\">\n\t\t\t\t\t\t\t\t<div class=\"elementor-element elementor-element-3e8478b6 elementor-widget elementor-widget-heading\" data-id=\"3e8478b6\" data-element_type=\"widget\" data-widget_type=\"heading.default\">\n\t\t\t\t<div class=\"elementor-widget-container\">\n\t\t\t<style>\/*! elementor - v3.16.0 - 17-10-2023 *\/\n.elementor-heading-title{padding:0;margin:0;line-height:1}.elementor-widget-heading .elementor-heading-title[class*=elementor-size-]>a{color:inherit;font-size:inherit;line-height:inherit}.elementor-widget-heading .elementor-heading-title.elementor-size-small{font-size:15px}.elementor-widget-heading .elementor-heading-title.elementor-size-medium{font-size:19px}.elementor-widget-heading .elementor-heading-title.elementor-size-large{font-size:29px}.elementor-widget-heading .elementor-heading-title.elementor-size-xl{font-size:39px}.elementor-widget-heading .elementor-heading-title.elementor-size-xxl{font-size:59px}<\/style><h4 class=\"elementor-heading-title elementor-size-default\">\u00cencepe\u021bi preg\u0103tirea de var\u0103 cu anvelopele Kumho!<\/h4>\t\t<\/div>\n\t\t\t\t<\/div>\n\t\t\t\t<section class=\"elementor-section elementor-inner-section elementor-element elementor-element-7e012e20 elementor-section-content-middle elementor-section-boxed elementor-section-height-default elementor-section-height-default\" data-id=\"7e012e20\" data-element_type=\"section\" data-settings=\"{&quot;background_background&quot;:&quot;classic&quot;}\">\n\t\t\t\t\t\t<div class=\"elementor-container elementor-column-gap-no\">\n\t\t\t\t\t<div class=\"elementor-column elementor-col-50 elementor-inner-column elementor-element elementor-element-7feb7be6\" data-id=\"7feb7be6\" data-element_type=\"column\">\n\t\t\t<div class=\"elementor-widget-wrap elementor-element-populated\">\n\t\t\t\t\t\t\t\t<div class=\"elementor-element elementor-element-792f0fe4 elementor-widget elementor-widget-image\" data-id=\"792f0fe4\" data-element_type=\"widget\" data-widget_type=\"image.default\">\n\t\t\t\t<div class=\"elementor-widget-container\">\n\t\t\t\t\t\t\t\t\t\t\t\t\t\t\t<img width=\"640\" height=\"638\" src=\"https:\/\/anvelonet.ro\/anvelope-auto\/wp-content\/uploads\/2025\/04\/kumho-sk.png\" class=\"attachment-large size-large wp-image-7921\" alt=\"\" loading=\"lazy\" srcset=\"https:\/\/anvelonet.ro\/anvelope-auto\/wp-content\/uploads\/2025\/04\/kumho-sk.png 807w, https:\/\/anvelonet.ro\/anvelope-auto\/wp-content\/uploads\/2025\/04\/kumho-sk-300x300.png 300w, https:\/\/anvelonet.ro\/anvelope-auto\/wp-content\/uploads\/2025\/04\/kumho-sk-150x150.png 150w, https:\/\/anvelonet.ro\/anvelope-auto\/wp-content\/uploads\/2025\/04\/kumho-sk-768x765.png 768w\" sizes=\"(max-width: 640px) 100vw, 640px\" \/>\t\t\t\t\t\t\t\t\t\t\t\t\t\t\t<\/div>\n\t\t\t\t<\/div>\n\t\t\t\t\t<\/div>\n\t\t<\/div>\n\t\t\t\t<div class=\"elementor-column elementor-col-50 elementor-inner-column elementor-element elementor-element-7da19242\" data-id=\"7da19242\" data-element_type=\"column\">\n\t\t\t<div class=\"elementor-widget-wrap elementor-element-populated\">\n\t\t\t\t\t\t\t\t<div class=\"elementor-element elementor-element-7681585a elementor-widget elementor-widget-heading\" data-id=\"7681585a\" data-element_type=\"widget\" data-widget_type=\"heading.default\">\n\t\t\t\t<div class=\"elementor-widget-container\">\n\t\t\t<h2 class=\"elementor-heading-title elementor-size-default\">Achizi\u021bioneaz\u0103 4 anvelope Kumho de var\u0103 \u00een dimensiunea de 18 inchi sau peste prin magazinul online anvelonet.ro \u0219i prime\u0219ti un rucsac Kumho cadou!<\/h2>\t\t<\/div>\n\t\t\t\t<\/div>\n\t\t\t\t<div class=\"elementor-element elementor-element-34bde71 elementor-align-center elementor-widget elementor-widget-button\" data-id=\"34bde71\" data-element_type=\"widget\" data-widget_type=\"button.default\">\n\t\t\t\t<div class=\"elementor-widget-container\">\n\t\t\t\t\t<div class=\"elementor-button-wrapper\">\n\t\t\t<a class=\"elementor-button elementor-button-link elementor-size-sm elementor-animation-pulse\" href=\"https:\/\/anvelonet.ro\/anvelopeauto\/anvelope-de-vara\" target=\"_blank\">\n\t\t\t\t\t\t<span class=\"elementor-button-content-wrapper\">\n\t\t\t\t\t\t<span class=\"elementor-button-text\">Anvelope var\u0103 Kumho<\/span>\n\t\t<\/span>\n\t\t\t\t\t<\/a>\n\t\t<\/div>\n\t\t\t\t<\/div>\n\t\t\t\t<\/div>\n\t\t\t\t<div class=\"elementor-element elementor-element-4732b08b elementor-widget elementor-widget-text-editor\" data-id=\"4732b08b\" data-element_type=\"widget\" data-widget_type=\"text-editor.default\">\n\t\t\t\t<div class=\"elementor-widget-container\">\n\t\t\t<style>\/*! elementor - v3.16.0 - 17-10-2023 *\/\n.elementor-widget-text-editor.elementor-drop-cap-view-stacked .elementor-drop-cap{background-color:#69727d;color:#fff}.elementor-widget-text-editor.elementor-drop-cap-view-framed .elementor-drop-cap{color:#69727d;border:3px solid;background-color:transparent}.elementor-widget-text-editor:not(.elementor-drop-cap-view-default) .elementor-drop-cap{margin-top:8px}.elementor-widget-text-editor:not(.elementor-drop-cap-view-default) .elementor-drop-cap-letter{width:1em;height:1em}.elementor-widget-text-editor .elementor-drop-cap{float:left;text-align:center;line-height:1;font-size:50px}.elementor-widget-text-editor .elementor-drop-cap-letter{display:inline-block}<\/style>\t\t\t\t\t\t\t\t\t\t<\/div>\n\t\t\t\t<\/div>\n\t\t\t\t\t<\/div>\n\t\t<\/div>\n\t\t\t\t\t\t\t<\/div>\n\t\t<\/section>\n\t\t\t\t\t<\/div>\n\t\t<\/div>\n\t\t\t\t\t\t\t<\/div>\n\t\t<\/section>\n\t\t\t\t<section class=\"elementor-section elementor-top-section elementor-element elementor-element-433e9f4e elementor-section-content-middle elementor-section-boxed elementor-section-height-default elementor-section-height-default\" data-id=\"433e9f4e\" data-element_type=\"section\" data-settings=\"{&quot;background_background&quot;:&quot;classic&quot;}\">\n\t\t\t\t\t\t<div class=\"elementor-container elementor-column-gap-no\">\n\t\t\t\t\t<div class=\"elementor-column elementor-col-100 elementor-top-column elementor-element elementor-element-4929422f\" data-id=\"4929422f\" data-element_type=\"column\">\n\t\t\t<div class=\"elementor-widget-wrap elementor-element-populated\">\n\t\t\t\t\t\t\t\t<div class=\"elementor-element elementor-element-39c693f9 elementor-widget elementor-widget-heading\" data-id=\"39c693f9\" data-element_type=\"widget\" data-widget_type=\"heading.default\">\n\t\t\t\t<div class=\"elementor-widget-container\">\n\t\t\t<h2 class=\"elementor-heading-title elementor-size-default\">Cum intrii \u00een posesia rucsacului?<\/h2>\t\t<\/div>\n\t\t\t\t<\/div>\n\t\t\t\t<div class=\"elementor-element elementor-element-7342444b elementor-widget elementor-widget-text-editor\" data-id=\"7342444b\" data-element_type=\"widget\" data-widget_type=\"text-editor.default\">\n\t\t\t\t<div class=\"elementor-widget-container\">\n\t\t\t\t\t\t\t<p><b>1. Achizi\u021biona\u021bi un set (4 anvelope) Kumho de var\u0103 (18 inchi sau peste) online prin anvelonet.ro<\/b><\/p><p><span style=\"color: var( --e-global-color-53a31816 );\"><b>2. Trimite\u021bi dovada prelu\u0103rii prin mail pe <a href=\"mailto:info@anvelonet.ro\">info@anvelonet.ro<\/a> cu mentiunea \u201dCampanie Kumho 18 Plus<\/b><\/span><\/p><p><b><span style=\"color: var( --e-global-color-53a31816 );\">3.<\/span>V\u0103 trimitem prin curier rucsacul Kumho.<\/b><\/p><p>Rucsacul se va livra separat de anvelope. Comenzile nu se cumuleaza, setul format din 4 anvelope trebuie comandat intr-o singur\u0103 comand\u0103. \u00cen caz de retur, se returneaz\u0103 \u0219i rucsacul.<\/p><p>Durata promo\u021biei: 1-30 Aprilie 2025, \u00een limita stocului disponibil. Anvelonet SRL particip\u0103 \u00een promo\u021bie \u00een calitate de intermediar, produsele promo\u021bionale fiind furnizate de Kumho!<\/p>\t\t\t\t\t\t<\/div>\n\t\t\t\t<\/div>\n\t\t\t\t<div class=\"elementor-element elementor-element-1f1c5ac6 elementor-widget-divider--view-line elementor-widget elementor-widget-divider\" data-id=\"1f1c5ac6\" data-element_type=\"widget\" data-widget_type=\"divider.default\">\n\t\t\t\t<div class=\"elementor-widget-container\">\n\t\t\t<style>\/*! elementor - v3.16.0 - 17-10-2023 *\/\n.elementor-widget-divider{--divider-border-style:none;--divider-border-width:1px;--divider-color:#0c0d0e;--divider-icon-size:20px;--divider-element-spacing:10px;--divider-pattern-height:24px;--divider-pattern-size:20px;--divider-pattern-url:none;--divider-pattern-repeat:repeat-x}.elementor-widget-divider .elementor-divider{display:flex}.elementor-widget-divider .elementor-divider__text{font-size:15px;line-height:1;max-width:95%}.elementor-widget-divider .elementor-divider__element{margin:0 var(--divider-element-spacing);flex-shrink:0}.elementor-widget-divider .elementor-icon{font-size:var(--divider-icon-size)}.elementor-widget-divider .elementor-divider-separator{display:flex;margin:0;direction:ltr}.elementor-widget-divider--view-line_icon .elementor-divider-separator,.elementor-widget-divider--view-line_text .elementor-divider-separator{align-items:center}.elementor-widget-divider--view-line_icon .elementor-divider-separator:after,.elementor-widget-divider--view-line_icon .elementor-divider-separator:before,.elementor-widget-divider--view-line_text .elementor-divider-separator:after,.elementor-widget-divider--view-line_text .elementor-divider-separator:before{display:block;content:\"\";border-bottom:0;flex-grow:1;border-top:var(--divider-border-width) var(--divider-border-style) var(--divider-color)}.elementor-widget-divider--element-align-left .elementor-divider .elementor-divider-separator>.elementor-divider__svg:first-of-type{flex-grow:0;flex-shrink:100}.elementor-widget-divider--element-align-left .elementor-divider-separator:before{content:none}.elementor-widget-divider--element-align-left .elementor-divider__element{margin-left:0}.elementor-widget-divider--element-align-right .elementor-divider .elementor-divider-separator>.elementor-divider__svg:last-of-type{flex-grow:0;flex-shrink:100}.elementor-widget-divider--element-align-right .elementor-divider-separator:after{content:none}.elementor-widget-divider--element-align-right .elementor-divider__element{margin-right:0}.elementor-widget-divider:not(.elementor-widget-divider--view-line_text):not(.elementor-widget-divider--view-line_icon) .elementor-divider-separator{border-top:var(--divider-border-width) var(--divider-border-style) var(--divider-color)}.elementor-widget-divider--separator-type-pattern{--divider-border-style:none}.elementor-widget-divider--separator-type-pattern.elementor-widget-divider--view-line .elementor-divider-separator,.elementor-widget-divider--separator-type-pattern:not(.elementor-widget-divider--view-line) .elementor-divider-separator:after,.elementor-widget-divider--separator-type-pattern:not(.elementor-widget-divider--view-line) .elementor-divider-separator:before,.elementor-widget-divider--separator-type-pattern:not([class*=elementor-widget-divider--view]) .elementor-divider-separator{width:100%;min-height:var(--divider-pattern-height);-webkit-mask-size:var(--divider-pattern-size) 100%;mask-size:var(--divider-pattern-size) 100%;-webkit-mask-repeat:var(--divider-pattern-repeat);mask-repeat:var(--divider-pattern-repeat);background-color:var(--divider-color);-webkit-mask-image:var(--divider-pattern-url);mask-image:var(--divider-pattern-url)}.elementor-widget-divider--no-spacing{--divider-pattern-size:auto}.elementor-widget-divider--bg-round{--divider-pattern-repeat:round}.rtl .elementor-widget-divider .elementor-divider__text{direction:rtl}.e-con-inner>.elementor-widget-divider,.e-con>.elementor-widget-divider{width:var(--container-widget-width,100%);--flex-grow:var(--container-widget-flex-grow)}<\/style>\t\t<div class=\"elementor-divider\">\n\t\t\t<span class=\"elementor-divider-separator\">\n\t\t\t\t\t\t<\/span>\n\t\t<\/div>\n\t\t\t\t<\/div>\n\t\t\t\t<\/div>\n\t\t\t\t\t<\/div>\n\t\t<\/div>\n\t\t\t\t\t\t\t<\/div>\n\t\t<\/section>\n\t\t\t\t\t\t\t<\/div>\n\t\t","protected":false},"excerpt":{"rendered":"<p>\u00cencepe\u021bi preg\u0103tirea de var\u0103 cu anvelopele Kumho! Achizi\u021bioneaz\u0103 4 anvelope Kumho de var\u0103 \u00een dimensiunea de 18 inchi sau peste prin magazinul online anvelonet.ro \u0219i prime\u0219ti un rucsac Kumho cadou! Anvelope var\u0103 Kumho Cum intrii \u00een posesia rucsacului? 1. Achizi\u021biona\u021bi un set (4 anvelope) Kumho de var\u0103 (18 inchi sau peste) online prin anvelonet.ro 2. [&hellip;]<\/p>\n","protected":false},"author":13,"featured_media":0,"parent":0,"menu_order":0,"comment_status":"closed","ping_status":"closed","template":"elementor_canvas","meta":[],"yoast_head":"<!-- This site is optimized with the Yoast SEO plugin v20.4 - https:\/\/yoast.com\/wordpress\/plugins\/seo\/ -->\n<title>kumho 2025 - Anvelonet.ro<\/title>\n<meta name=\"robots\" content=\"index, follow, max-snippet:-1, max-image-preview:large, max-video-preview:-1\" \/>\n<link rel=\"canonical\" href=\"https:\/\/anvelonet.ro\/anvelope-auto\/kumho-2025\/\" \/>\n<meta property=\"og:locale\" content=\"ro_RO\" \/>\n<meta property=\"og:type\" content=\"article\" \/>\n<meta property=\"og:title\" content=\"kumho 2025 - Anvelonet.ro\" \/>\n<meta property=\"og:description\" content=\"\u00cencepe\u021bi preg\u0103tirea de var\u0103 cu anvelopele Kumho! Achizi\u021bioneaz\u0103 4 anvelope Kumho de var\u0103 \u00een dimensiunea de 18 inchi sau peste prin magazinul online anvelonet.ro \u0219i prime\u0219ti un rucsac Kumho cadou! Anvelope var\u0103 Kumho Cum intrii \u00een posesia rucsacului? 1. Achizi\u021biona\u021bi un set (4 anvelope) Kumho de var\u0103 (18 inchi sau peste) online prin anvelonet.ro 2. [&hellip;]\" \/>\n<meta property=\"og:url\" content=\"https:\/\/anvelonet.ro\/anvelope-auto\/kumho-2025\/\" \/>\n<meta property=\"og:site_name\" content=\"Anvelonet.ro\" \/>\n<meta property=\"article:publisher\" content=\"https:\/\/www.facebook.com\/akhautoszerviz\/\" \/>\n<meta property=\"article:modified_time\" content=\"2025-04-08T12:39:51+00:00\" \/>\n<meta property=\"og:image\" content=\"https:\/\/anvelonet.ro\/anvelope-auto\/wp-content\/uploads\/2025\/04\/KUMHO-TIRE_CI_B_auf-rot-1024x385.jpg\" \/>\n<meta name=\"twitter:card\" content=\"summary_large_image\" \/>\n<meta name=\"twitter:label1\" content=\"Timp estimat pentru citire\" \/>\n\t<meta name=\"twitter:data1\" content=\"2 minute\" \/>\n<script type=\"application\/ld+json\" class=\"yoast-schema-graph\">{\"@context\":\"https:\/\/schema.org\",\"@graph\":[{\"@type\":\"WebPage\",\"@id\":\"https:\/\/anvelonet.ro\/anvelope-auto\/kumho-2025\/\",\"url\":\"https:\/\/anvelonet.ro\/anvelope-auto\/kumho-2025\/\",\"name\":\"kumho 2025 - Anvelonet.ro\",\"isPartOf\":{\"@id\":\"https:\/\/anvelonet.ro\/anvelope-auto\/#website\"},\"datePublished\":\"2025-04-07T12:08:47+00:00\",\"dateModified\":\"2025-04-08T12:39:51+00:00\",\"breadcrumb\":{\"@id\":\"https:\/\/anvelonet.ro\/anvelope-auto\/kumho-2025\/#breadcrumb\"},\"inLanguage\":\"ro-RO\",\"potentialAction\":[{\"@type\":\"ReadAction\",\"target\":[\"https:\/\/anvelonet.ro\/anvelope-auto\/kumho-2025\/\"]}]},{\"@type\":\"BreadcrumbList\",\"@id\":\"https:\/\/anvelonet.ro\/anvelope-auto\/kumho-2025\/#breadcrumb\",\"itemListElement\":[{\"@type\":\"ListItem\",\"position\":1,\"name\":\"Kezd\u0151lap\",\"item\":\"https:\/\/anvelonet.ro\/anvelope-auto\/\"},{\"@type\":\"ListItem\",\"position\":2,\"name\":\"kumho 2025\"}]},{\"@type\":\"WebSite\",\"@id\":\"https:\/\/anvelonet.ro\/anvelope-auto\/#website\",\"url\":\"https:\/\/anvelonet.ro\/anvelope-auto\/\",\"name\":\"Anvelonet.ro\",\"description\":\"Magazin on line de anvelope si jen\u0163i, promo\u0163ii la anvelope de var\u0103 \u015fi iarn\u0103. Stoc foarte mare de anvelope de iarn\u0103 \u015fi de var\u0103. Livrare la domiciliu.\",\"publisher\":{\"@id\":\"https:\/\/anvelonet.ro\/anvelope-auto\/#organization\"},\"potentialAction\":[{\"@type\":\"SearchAction\",\"target\":{\"@type\":\"EntryPoint\",\"urlTemplate\":\"https:\/\/anvelonet.ro\/anvelope-auto\/?s={search_term_string}\"},\"query-input\":\"required name=search_term_string\"}],\"inLanguage\":\"ro-RO\"},{\"@type\":\"Organization\",\"@id\":\"https:\/\/anvelonet.ro\/anvelope-auto\/#organization\",\"name\":\"Anvelonet.ro\",\"url\":\"https:\/\/anvelonet.ro\/anvelope-auto\/\",\"logo\":{\"@type\":\"ImageObject\",\"inLanguage\":\"ro-RO\",\"@id\":\"https:\/\/anvelonet.ro\/anvelope-auto\/#\/schema\/logo\/image\/\",\"url\":\"https:\/\/anvelonet.ro\/anvelope-auto\/wp-content\/uploads\/2022\/09\/anvelonet_ro.svg\",\"contentUrl\":\"https:\/\/anvelonet.ro\/anvelope-auto\/wp-content\/uploads\/2022\/09\/anvelonet_ro.svg\",\"width\":203,\"height\":87,\"caption\":\"Anvelonet.ro\"},\"image\":{\"@id\":\"https:\/\/anvelonet.ro\/anvelope-auto\/#\/schema\/logo\/image\/\"},\"sameAs\":[\"https:\/\/www.facebook.com\/akhautoszerviz\/\",\"https:\/\/www.instagram.com\/gumi.hu_poweredbyakh\/\",\"https:\/\/www.youtube.com\/channel\/UCyYJ0QGG6gLMXAADVRYY6_w\"]}]}<\/script>\n<!-- \/ Yoast SEO plugin. -->","yoast_head_json":{"title":"kumho 2025 - Anvelonet.ro","robots":{"index":"index","follow":"follow","max-snippet":"max-snippet:-1","max-image-preview":"max-image-preview:large","max-video-preview":"max-video-preview:-1"},"canonical":"https:\/\/anvelonet.ro\/anvelope-auto\/kumho-2025\/","og_locale":"ro_RO","og_type":"article","og_title":"kumho 2025 - Anvelonet.ro","og_description":"\u00cencepe\u021bi preg\u0103tirea de var\u0103 cu anvelopele Kumho! Achizi\u021bioneaz\u0103 4 anvelope Kumho de var\u0103 \u00een dimensiunea de 18 inchi sau peste prin magazinul online anvelonet.ro \u0219i prime\u0219ti un rucsac Kumho cadou! Anvelope var\u0103 Kumho Cum intrii \u00een posesia rucsacului? 1. Achizi\u021biona\u021bi un set (4 anvelope) Kumho de var\u0103 (18 inchi sau peste) online prin anvelonet.ro 2. [&hellip;]","og_url":"https:\/\/anvelonet.ro\/anvelope-auto\/kumho-2025\/","og_site_name":"Anvelonet.ro","article_publisher":"https:\/\/www.facebook.com\/akhautoszerviz\/","article_modified_time":"2025-04-08T12:39:51+00:00","og_image":[{"url":"https:\/\/anvelonet.ro\/anvelope-auto\/wp-content\/uploads\/2025\/04\/KUMHO-TIRE_CI_B_auf-rot-1024x385.jpg"}],"twitter_card":"summary_large_image","twitter_misc":{"Timp estimat pentru citire":"2 minute"},"schema":{"@context":"https:\/\/schema.org","@graph":[{"@type":"WebPage","@id":"https:\/\/anvelonet.ro\/anvelope-auto\/kumho-2025\/","url":"https:\/\/anvelonet.ro\/anvelope-auto\/kumho-2025\/","name":"kumho 2025 - Anvelonet.ro","isPartOf":{"@id":"https:\/\/anvelonet.ro\/anvelope-auto\/#website"},"datePublished":"2025-04-07T12:08:47+00:00","dateModified":"2025-04-08T12:39:51+00:00","breadcrumb":{"@id":"https:\/\/anvelonet.ro\/anvelope-auto\/kumho-2025\/#breadcrumb"},"inLanguage":"ro-RO","potentialAction":[{"@type":"ReadAction","target":["https:\/\/anvelonet.ro\/anvelope-auto\/kumho-2025\/"]}]},{"@type":"BreadcrumbList","@id":"https:\/\/anvelonet.ro\/anvelope-auto\/kumho-2025\/#breadcrumb","itemListElement":[{"@type":"ListItem","position":1,"name":"Kezd\u0151lap","item":"https:\/\/anvelonet.ro\/anvelope-auto\/"},{"@type":"ListItem","position":2,"name":"kumho 2025"}]},{"@type":"WebSite","@id":"https:\/\/anvelonet.ro\/anvelope-auto\/#website","url":"https:\/\/anvelonet.ro\/anvelope-auto\/","name":"Anvelonet.ro","description":"Magazin on line de anvelope si jen\u0163i, promo\u0163ii la anvelope de var\u0103 \u015fi iarn\u0103. Stoc foarte mare de anvelope de iarn\u0103 \u015fi de var\u0103. Livrare la domiciliu.","publisher":{"@id":"https:\/\/anvelonet.ro\/anvelope-auto\/#organization"},"potentialAction":[{"@type":"SearchAction","target":{"@type":"EntryPoint","urlTemplate":"https:\/\/anvelonet.ro\/anvelope-auto\/?s={search_term_string}"},"query-input":"required name=search_term_string"}],"inLanguage":"ro-RO"},{"@type":"Organization","@id":"https:\/\/anvelonet.ro\/anvelope-auto\/#organization","name":"Anvelonet.ro","url":"https:\/\/anvelonet.ro\/anvelope-auto\/","logo":{"@type":"ImageObject","inLanguage":"ro-RO","@id":"https:\/\/anvelonet.ro\/anvelope-auto\/#\/schema\/logo\/image\/","url":"https:\/\/anvelonet.ro\/anvelope-auto\/wp-content\/uploads\/2022\/09\/anvelonet_ro.svg","contentUrl":"https:\/\/anvelonet.ro\/anvelope-auto\/wp-content\/uploads\/2022\/09\/anvelonet_ro.svg","width":203,"height":87,"caption":"Anvelonet.ro"},"image":{"@id":"https:\/\/anvelonet.ro\/anvelope-auto\/#\/schema\/logo\/image\/"},"sameAs":["https:\/\/www.facebook.com\/akhautoszerviz\/","https:\/\/www.instagram.com\/gumi.hu_poweredbyakh\/","https:\/\/www.youtube.com\/channel\/UCyYJ0QGG6gLMXAADVRYY6_w"]}]}},"_links":{"self":[{"href":"https:\/\/anvelonet.ro\/anvelope-auto\/wp-json\/wp\/v2\/pages\/7913"}],"collection":[{"href":"https:\/\/anvelonet.ro\/anvelope-auto\/wp-json\/wp\/v2\/pages"}],"about":[{"href":"https:\/\/anvelonet.ro\/anvelope-auto\/wp-json\/wp\/v2\/types\/page"}],"author":[{"embeddable":true,"href":"https:\/\/anvelonet.ro\/anvelope-auto\/wp-json\/wp\/v2\/users\/13"}],"replies":[{"embeddable":true,"href":"https:\/\/anvelonet.ro\/anvelope-auto\/wp-json\/wp\/v2\/comments?post=7913"}],"version-history":[{"count":17,"href":"https:\/\/anvelonet.ro\/anvelope-auto\/wp-json\/wp\/v2\/pages\/7913\/revisions"}],"predecessor-version":[{"id":7937,"href":"https:\/\/anvelonet.ro\/anvelope-auto\/wp-json\/wp\/v2\/pages\/7913\/revisions\/7937"}],"wp:attachment":[{"href":"https:\/\/anvelonet.ro\/anvelope-auto\/wp-json\/wp\/v2\/media?parent=7913"}],"curies":[{"name":"wp","href":"https:\/\/api.w.org\/{rel}","templated":true}]}}